75.
5, 11, 1153
What are the prime factors of 2693454?
2, 3, 41, 10949
List the prime factors of 10613538.
2, 3, 13, 1163
What are the prime factors of 263745?
3, 5, 5861
What are the prime factors of 915197?
915197
What are the prime factors of 639356?
2, 159839
List the prime factors of 11826786.
2, 3, 59, 33409
List the prime factors of 543435.
3, 5, 36229
List the prime factors of 687063.
3, 13, 79, 223
List the prime factors of 324550.
2, 5, 6491
What are the prime factors of 929466?
2, 3, 51637
List the prime factors of 4822038.
2, 3, 13, 6869
List the prime factors of 1100781.
3, 11, 11119
What are the prime factors of 90798?
2, 3, 37, 409
List the prime factors of 8131283.
193, 42131
What are the prime factors of 218596?
2, 7, 37, 211
What are the prime factors of 7011224?
2, 11, 7243
List the prime factors of 403908.
2, 3, 97, 347
List the prime factors of 168231.
3, 7, 8011
List the prime factors of 24825632.
2, 13, 83, 719
List the prime factors of 3080245.
5, 7, 88007
What are the prime factors of 25832?
2, 3229
What are the prime factors of 20533680?
2, 3, 5, 19, 79
What are the prime factors of 2281666?
2, 43, 617
List the prime factors of 2529747.
3, 11, 23, 101
What are the prime factors of 1007766?
2, 3, 55987
What are the prime factors of 6927886?
2, 7, 494849
List the prime factors of 7600015.
5, 1520003
What are the prime factors of 142168?
2, 13, 1367
What are the prime factors of 2617003?
19, 137737
List the prime factors of 432245.
5, 11, 29, 271
What are the prime factors of 236223?
3, 13, 673
List the prime factors of 386303.
386303
List the prime factors of 762288.
2, 3, 15881
What are the prime factors of 914924?
2, 228731
List the prime factors of 21891610.
2, 5, 13, 19, 8863
What are the prime factors of 3586725?
3, 5, 19, 839
What are the prime factors of 7235100?
2, 3, 5, 8039
List the prime factors of 1437988.
2, 307, 1171
What are the prime factors of 3515646?
2, 3, 19, 30839
What are the prime factors of 5179265?
5, 7, 13, 11383
What are the prime factors of 870086?
2, 7, 19, 3271
What are the prime factors of 1307422?
2, 653711
List the prime factors of 989858.
2, 67, 83, 89
List the prime factors of 598678.
2, 127, 2357
What are the prime factors of 21178486?
2, 7, 216107
What are the prime factors of 10521807?
3, 3507269
List the prime factors of 85888.
2, 11, 61
List the prime factors of 644686.
2, 7, 46049
List the prime factors of 269597.
269597
List the prime factors of 35202439.
71, 101, 4909
List the prime factors of 9548083.
433, 22051
What are the prime factors of 1259809?
31, 40639
What are the prime factors of 434324?
2, 11, 9871
What are the prime factors of 3081674?
2, 1039, 1483
What are the prime factors of 6869534?
2, 7, 71, 6911
List the prime factors of 1305533.
1305533
List the prime factors of 800142.
2, 3, 7, 19051
List the prime factors of 14311082.
2, 37, 193393
List the prime factors of 38249.
23, 1663
List the prime factors of 13210801.
13210801
What are the prime factors of 7702889?
7702889
List the prime factors of 5083021.
5083021
List the prime factors of 343840.
2, 5, 7, 307
What are the prime factors of 1571163?
3, 11, 47, 1013
What are the prime factors of 7788521?
13, 599117
What are the prime factors of 632491?
19, 33289
What are the prime factors of 6337481?
17, 21929
What are the prime factors of 3759023?
17, 13007
List the prime factors of 1418063.
1418063
List the prime factors of 170088.
2, 3, 19, 373
List the prime factors of 7117.
11, 647
List the prime factors of 305854.
2, 23, 61, 109
List the prime factors of 2043803.
23, 88861
List the prime factors of 5114076.
2, 3, 11, 17, 43, 53
What are the prime factors of 4154127?
3, 953, 1453
What are the prime factors of 958445?
5, 191689
List the prime factors of 5420461.
109, 223
List the prime factors of 845270.
2, 5, 181, 467
What are the prime factors of 22071015?
3, 5, 17, 59, 163
List the prime factors of 5647241.
5647241
List the prime factors of 30327.
3, 11, 919
What are the prime factors of 5165302?
2, 19, 135929
List the prime factors of 643344.
2, 3, 13, 1031
What are the prime factors of 7070991?
3, 2356997
What are the prime factors of 14778725?
5, 13, 37, 1229
What are the prime factors of 352448?
2, 5507
What are the prime factors of 725593?
11, 65963
List the prime factors of 3811448.
2, 347, 1373
List the prime factors of 23981.
23981
What are the prime factors of 298699?
19, 79, 199
What are the prime factors of 333932?
2, 31, 2693
What are the prime factors of 5967270?
2, 3, 5, 53, 139
List the prime factors of 314323.
523, 601
What are the prime factors of 1530724?
2, 13, 29437
What are the prime factors of 629896?
2, 78737
What are the prime factors of 1631179?
11, 257, 577
List the prime factors of 7682818.
2, 11, 13, 26863
List the prime factors of 2053924.
2, 513481
What are the prime factors of 779385?
3, 5, 223, 233
What are the prime factors of 829151?
829151
What are the prime factors of 833111?
457, 1823
List the prime factors of 14494138.
2, 7247069
List the prime factors of 6283911.
3, 2094637
List the prime factors of 35035.
5, 7, 11, 13
List the prime factors of 1006100.
2, 5, 10061
List the prime factors of 2046616.
2, 11, 13, 1789
List the prime factors of 14699247.
3, 1657, 2957
List the prime factors of 9231815.
5, 19, 97177
List the prime factors of 3615851.
47, 107, 719
List the prime factors of 10290130.
2, 5, 1029013
List the prime factors of 181990.
2, 5, 18199
List the prime factors of 222445.
5, 17, 2617
List the prime factors of 40640851.
3343, 12157
List the prime factors of 17192112.
2, 3, 7, 19, 2693
What are the prime factors of 626078?
2, 71, 4409
List the prime factors of 666909.
3, 74101
What are the prime factors of 17527105?
5, 3505421
List the prime factors of 264465.
3, 5, 653
What are the prime factors of 5451223?
521, 10463
List the prime factors of 3442416.
2, 3, 29, 2473
List the prime factors of 20782300.
2, 5, 7, 11, 2699
What are the prime factors of 11289607?
7, 43, 37507
What are the prime factors of 39884483?
29, 37, 37171
What are the prime factors of 99319?
11, 9029
List the prime factors of 10955474.
2, 59, 227, 409
What are the prime factors of 642338?
2, 321169
List the prime factors of 9028146.
2, 3, 1504691
What are the prime factors of 4364195?
5, 11, 79349
List the prime factors of 20809307.
73, 197, 1447
List the prime factors of 4533855.
3, 5, 47, 59, 109
What are the prime factors of 1184041?
29, 40829
What are the prime factors of 6169247?
7, 137, 919
List the prime factors of 79949.
31, 2579
What are the prime factors of 101472?
2, 3, 7, 151
What are the prime factors of 1176974?
2, 19, 47, 659
List the prime factors of 1988338.
2, 11, 90379
List the prime factors of 37093.
7, 757
List the prime factors of 25131063.
3, 53, 179, 883
What are the prime factors of 475648?
2, 929
List the prime factors of 39744.
2, 3, 23
What are the prime factors of 17459556?
2, 3, 19, 73, 1049
List the prime factors of 329891.
329891
What are the prime factors of 19486998?
2, 3, 17, 43, 1481
List the prime factors of 1175959.
1175959
What are the prime factors of 788610?
2, 3, 5, 97, 271
What are the prime factors of 34505?
5, 67, 103
List the prime factors of 1898990.
2, 5, 53, 3583
What are the prime factors of 1596115?
5, 319223
What are the prime factors of 21089451?
3, 7029817
What are the prime factors of 229489?
13, 127, 139
List the prime factors of 960968.
2, 120121
List the prime factors of 181191.
3, 60397
What are the prime factors of 983667?
3, 327889
What are the prime factors of 144393?
3, 48131
What are the prime factors of 297546?
2, 3, 101, 491
What are the prime factors of 197055?
3, 5, 29, 151
List the prime factors of 2033416.
2, 7, 11, 3301
List the prime factors of 448531.
448531
List the prime factors of 267486.
2, 3, 109, 409
What are the prime factors of 106369?
17, 6257
List the prime factors of 1566037.
11, 19, 59, 127
What are the prime factors of 414915?
3, 5, 139, 199
List the prime factors of 18403893.
3, 29, 107, 659
What are the prime factors of 1444938?
2, 3, 11, 21893
What are the prime factors of 930856?
2, 23, 5059
List the prime factors of 17010126.
2, 3, 7, 127, 1063
What are the prime factors of 720349?
7, 61, 241
L